er when 303 is divided by 17.
14
What is the remainder when 299 is divided by 86?
41
What is the remainder when 305 is divided by 47?
23
What is the remainder when 29 is divided by 14?
1
Calculate the remainder when 458 is divided by 44.
18
What is the remainder when 345 is divided by 165?
15
What is the remainder when 497 is divided by 170?
157
Calculate the remainder when 883 is divided by 163.
68
Calculate the remainder when 4381 is divided by 51.
46
What is the remainder when 478 is divided by 80?
78
What is the remainder when 240 is divided by 72?
24
What is the remainder when 140 is divided by 64?
12
Calculate the remainder when 20992 is divided by 17.
14
What is the remainder when 17418 is divided by 25?
18
Calculate the remainder when 129 is divided by 80.
49
Calculate the remainder when 777 is divided by 49.
42
Calculate the remainder when 188 is divided by 40.
28
What is the remainder when 84 is divided by 23?
15
What is the remainder when 97 is divided by 33?
31
Calculate the remainder when 885 is divided by 176.
5
What is the remainder when 1122 is divided by 29?
20
What is the remainder when 1228 is divided by 22?
18
Calculate the remainder when 46 is divided by 20.
6
What is the remainder when 248 is divided by 53?
36
Calculate the remainder when 429 is divided by 132.
33
Calculate the remainder when 144 is divided by 25.
19
What is the remainder when 17909 is divided by 199?
198
Calculate the remainder when 21 is divided by 12.
9
Calculate the remainder when 178 is divided by 135.
43
Calculate the remainder when 155 is divided by 49.
8
Calculate the remainder when 225 is divided by 69.
18
Calculate the remainder when 81 is divided by 79.
2
Calculate the remainder when 133 is divided by 58.
17
Calculate the remainder when 67 is divided by 8.
3
What is the remainder when 528 is divided by 67?
59
What is the remainder when 797 is divided by 77?
27
What is the remainder when 3398 is divided by 43?
1
Calculate the remainder when 522 is divided by 57.
9
What is the remainder when 26542 is divided by 336?
334
What is the remainder when 102 is divided by 27?
21
Calculate the remainder when 4715 is divided by 943.
0
Calculate the remainder when 67 is divided by 34.
33
Calculate the remainder when 2344 is divided by 390.
4
Calculate the remainder when 404 is divided by 37.
34
Calculate the remainder when 717 is divided by 47.
12
What is the remainder when 108 is divided by 19?
13
What is the remainder when 174 is divided by 37?
26
What is the remainder when 130 is divided by 63?
4
Calculate the remainder when 189 is divided by 41.
25
What is the remainder when 175 is divided by 26?
19
Calculate the remainder when 141 is divided by 61.
19
What is the remainder when 402 is divided by 24?
18
What is the remainder when 716 is divided by 59?
8
What is the remainder when 118 is divided by 18?
10
What is the remainder when 512 is divided by 20?
12
What is the remainder when 148 is divided by 10?
8
What is the remainder when 782 is divided by 10?
2
Calculate the remainder when 42 is divided by 12.
6
What is the remainder when 335 is divided by 34?
29
Calculate the remainder when 1223 is divided by 27.
8
What is the remainder when 684 is divided by 22?
2
Calculate the remainder when 48 is divided by 34.
14
What is the remainder when 8692 is divided by 54?
52
Calculate the remainder when 354 is divided by 36.
30
What is the remainder when 90 is divided by 57?
33
What is the remainder when 575 is divided by 53?
45
Calculate the remainder when 79 is divided by 57.
22
Calculate the remainder when 103 is divided by 37.
29
Calculate the remainder when 4994 is divided by 27.
26
Calculate the remainder when 79 is divided by 22.
13
Calculate the remainder when 166 is divided by 21.
19
Calculate the remainder when 42 is divided by 14.
0
What is the remainder when 886 is divided by 24?
22
What is the remainder when 110 is divided by 31?
17
What is the remainder when 3839 is divided by 30?
29
Calculate the remainder when 62 is divided by 6.
2
Calculate the remainder when 269 is divided by 88.
5
What is the remainder when 268 is divided by 76?
40
Calculate the remainder when 2894 is divided by 145.
139
What is the remainder when 24 is divided by 14?
10
What is the remainder when 1284 is divided by 56?
52
Calculate the remainder when 397 is divided by 85.
57
What is the remainder when 538 is divided by 26?
18
What is the remainder when 1830 is divided by 25?
5
Calculate the remainder when 177 is divided by 27.
15
Calculate the remainder when 584 is divided by 326.
258
Calculate the remainder when 2941 is divided by 155.
151
Calculate the remainder when 197 is divided by 30.
17
Calculate the remainder when 76 is divided by 13.
11
What is the remainder when 1099 is divided by 16?
11
Calculate the remainder when 309 is divided by 99.
12
What is the remainder when 362 is divided by 13?
11
Calculate the remainder when 2049 is divided by 158.
153
What is the remainder when 307 is divided by 48?
19
Calculate the remainder when 320 is divided by 39.
8
What is the remainder when 181 is divided by 17?
11
What is the remainder when 2273 is divided by 114?
107
Calculate the remainder when 103 is divided by 57.
46
Calculate the remainder when 75 is divided by 39.
36
Calculate the remainder when 4109 is divided by 46.
15
Calculate the remainder when 129 is divided by 45.
39
Calculate the remainder when 3529 is divided by 60.
49
What is the remainder when 1049 is divided by 75?
74
Calculate the remainder when 57 is divided by 22.
13
Calculate the remainder when 340 is divided by 43.
39
Calculate the remainder when 133 is divided by 3.
1
Calculate the remainder when 135 is divided by 35.
30
What is the remainder when 476 is divided by 60?
56
What is the remainder when 45 is divided by 12?
9
What is the remainder when 4376 is divided by 15?
11
Calculate the remainder when 101 is divided by 28.
17
What is the remainder when 363 is divided by 73?
71
What is the remainder when 172 is divided by 30?
22
Calculate the remainder when 132 is divided by 5.
2
Calculate the remainder when 324 is divided by 143.
38
What is the remainder when 358 is divided by 106?
40
What is the remainder when 1268 is divided by 75?
68
What is the remainder when 164 is divided by 44?
32
What is the remainder when 289 is divided by 79?
52
Calculate the remainder when 932 is divided by 162.
122
What is the remainder when 15748 is divided by 90?
88
Calculate the remainder when 132 is divided by 19.
18
What is the remainder when 1464 is divided by 42?
36
What is the remainder when 179 is divided by 37?
31
What is the remainder when 23 is divided by 2?
1
What is the remainder when 7089 is divided by 173?
169
What is the remainder when 154 is divided by 123?
31
Calculate the remainder when 347 is divided by 13.
9
Calculate the remainder when 2726 is divided by 105.
101
What is the remainder when 997 is divided by 50?
47
What is the remainder when 7847 is divided by 36?
35
What is the remainder when 23279 is divided by 20?
19
What is the remainder when 1387 is divided by 451?
34
What is the remainder when 136 is divided by 58?
20
Calculate the remainder when 787 is divided by 11.
6
Calculate the remainder when 677 is divided by 333.
11
Calculate the remainder when 325 is divided by 64.
5
What is the remainder when 436 is divided by 75?
61
What is the remainder when 1326 is divided by 312?
78
What is the remainder when 3416 is divided by 76?
72
What is the remainder when 536 is divided by 50?
36
Calculate the remainder when 366 is divided by 366.
0
What is the remainder when 986 is divided by 13?
11
What is the remainder when 3832 is divided by 165?
37
Calculate the remainder when 746 is divided by 107.
104
Calculate the remainder when 151 is divided by 143.
8
Calculate the remainder when 440 is divided by 189.
62
Calculate the remainder when 398 is divided by 119.
41
Calculate the remainder when 3401 is divided by 162.
161
What is the remainder when 89 is divided by 47?
42
What is the remainder when 435 is divided by 55?
50
Calculate the remainder when 249 is divided by 23.
19
What is the remainder when 449 is divided by 434?
15
Calculate the remainder when 266 is divided by 37.
7
Calculate the remainder whe